w(-16).
7
Let f(j) = 4*j - 23. What is f(-2)?
-31
Let w(o) = o**3 - 17*o**2 + 29*o + 21. Determine w(15).
6
Let d(l) = 2*l**3 + 9*l**2 - 34*l - 47. Give d(-6).
49
Let v(j) = -2*j**3 + 3*j**2 + 7*j - 11. Calculate v(4).
-63
Let z(o) = o**3 + o**2 + 28*o + 124. Determine z(-4).
-36
Let w(q) = -q**3 - 22*q**2 - 41*q - 4. Determine w(-20).
16
Let t(z) = -48*z - 205. Give t(0).
-205
Let z(g) = g**3 + 115*g**2 + 955*g + 13. Give z(-9).
4
Let z(m) = -m**2 - 1787*m - 45795. What is z(-26)?
-9
Let p(z) = 16*z**2 - 7*z - 6. What is p(-2)?
72
Let z(x) = -300*x + 5703. Determine z(19).
3
Let k(c) = c**3 + 4*c**2 - 2*c - 6. Give k(3).
51
Let s(d) = 225*d + 592. What is s(-4)?
-308
Let g(o) = -o**3 + 23*o**2 + 700*o - 16174. Calculate g(26).
-2
Let x(c) = c**3 - 7*c**2 + 30*c - 130. Give x(6).
14
Let x(s) = -s**3 + 9*s**2 - 88*s - 91. Give x(-1).
7
Let w(a) = 88*a + 27460. Calculate w(-312).
4
Let z(x) = -57*x**2 - 13*x - 14. What is z(-1)?
-58
Let m(k) = 4*k**2 - 476*k - 4. Give m(119).
-4
Let w(z) = -z**2 - 74*z - 1354. Calculate w(-38).
14
Let q(b) = -5*b**2 - 108*b - 471. Determine q(-6).
-3
Let x(d) = -44*d. Calculate x(-1).
44
Let x(t) = -17*t**2 + 263*t - 436. Give x(2).
22
Let w(l) = 245*l + 1796. Determine w(-7).
81
Let w(p) = p**2 + 75*p + 1383. What is w(-36)?
-21
Let c(v) = 27*v + 438. Give c(-16).
6
Let r(b) = b**2 + 18*b - 83. Give r(3).
-20
Let w(x) = 88*x + 5751. Give w(-65).
31
Let x(g) = -g**2 - 113*g + 476. What is x(4)?
8
Let q(t) = -149*t + 127. Calculate q(5).
-618
Let g(b) = 29*b - 171. What is g(6)?
3
Let p(r) = -483*r - 2905. Give p(-6).
-7
Let p(n) = -4*n**2 + 1097*n + 4211. What is p(278)?
41
Let m(j) = -j**3 + 76*j**2 - 867*j - 20. Give m(14).
-6
Let j(i) = 10*i**2 + 151*i - 3. Calculate j(-15).
-18
Let b(a) = 2*a**3 + 13*a**2 - 14*a - 43. Determine b(-7).
6
Let c(d) = -53*d + 371. Give c(7).
0
Let o(k) = -k**3 - 5*k**2 - 9*k - 22. What is o(-5)?
23
Let w(l) = -l**2 - 59*l + 783. Calculate w(-71).
-69
Let l(m) = 326*m - 3263. What is l(10)?
-3
Let i(k) = -5*k**3 + 26*k**2 - 44*k + 10. Give i(3).
-23
Let z(s) = 22*s + 2859. Calculate z(-130).
-1
Let t(j) = 2*j**3 + 53*j**2 + 5*j - 560. Calculate t(-26).
-14
Let p(m) = -22*m - 3792. Calculate p(-172).
-8
Let w(o) = -12*o - 1894. Give w(-163).
62
Let o(m) = -12*m + 253. Give o(31).
-119
Let d(l) = 93*l**2 - 3534*l - 1. Determine d(38).
-1
Let j(v) = -v**3 - 16*v**2 + 51*v + 243. Calculate j(-18).
-27
Let j(s) = -s**3 + 8*s**2 - 29*s + 198. Determine j(8).
-34
Let t(n) = -32*n**2 - 1152*n - 12. Determine t(-36).
-12
Let w(h) = 2*h**3 - 133*h**2 - 139*h + 4788. What is w(67)?
-36
Let y(q) = -248*q**3 + q**2 - q - 3. Determine y(-1).
247
Let x(b) = -55*b**2 - 882*b - 39. Calculate x(-16).
-7
Let w(k) = -k**2 - 45*k + 153. Calculate w(4).
-43
Let a(l) = -2*l**3 - 52*l**2 - 15*l - 241. Give a(-26).
149
Let h(j) = j**3 - 88*j**2 - 468*j + 287. Give h(93).
8
Let k(b) = -21*b**2 - 160*b - 770. Give k(-5).
-495
Let x(t) = t**3 + 2*t**2 - 35*t - 77. Give x(-6).
-11
Let i(z) = -z**3 + 26*z**2 - 98*z - 115. Give i(19).
550
Let l(n) = 2*n**2 - 52*n - 180. Calculate l(-3).
-6
Let u(d) = -15*d**3 + 121*d**2 - 9*d + 15. Give u(8).
7
Let c(o) = -34*o - 1119. What is c(-33)?
3
Let g(l) = -6*l**2 - 212*l - 1051. Determine g(-6).
5
Let a(l) = -2*l**3 - l**2 + 10*l - 9. Calculate a(1).
-2
Let w(m) = -397*m + 11898. Give w(30).
-12
Let l(y) = 6*y - 979. What is l(167)?
23
Let o(j) = -31*j - 700. Determine o(-31).
261
Let n(x) = 19*x**2 + 171*x + 2. Calculate n(-9).
2
Let s(r) = -1226*r + 6147. Determine s(5).
17
Let y(i) = -i**3 - 20*i**2 + 31*i - 88. Determine y(-22).
198
Let g(o) = o**2 - 15*o - 99. Calculate g(-5).
1
Let g(a) = -a**3 - 46*a**2 + 11*a + 564. Give g(-46).
58
Let p(n) = 834*n + 5033. Determine p(-6).
29
Let s(l) = -5*l - 102. Give s(-21).
3
Let b(p) = -3*p**3 + 56*p**2 + 16*p + 40. Calculate b(19).
-17
Let x(z) = -273*z - 866. Calculate x(-3).
-47
Let k(d) = 14*d**2 - 50*d + 46. Determine k(3).
22
Let o(r) = -r**2 + 33*r + 219. What is o(39)?
-15
Let n(l) = -502*l + 4513. Determine n(9).
-5
Let s(u) = -9*u**3 - 356*u**2 + 172*u + 474. Determine s(-40).
-6
Let s(c) = 725*c + 52198. What is s(-72)?
-2
Let l(x) = -4*x**2 + 23*x + 34. Determine l(8).
-38
Let v(g) = 3*g**2 - 12*g - 179. What is v(-6)?
1
Let w(n) = -149*n - 879. What is w(-6)?
15
Let k(r) = 20*r + 906. What is k(-45)?
6
Let p(a) = -65*a - 1264. Determine p(-11).
-549
Let b(g) = g**3 + 6*g**2 + 24*g + 76. Determine b(-3).
31
Let i(o) = -o**2 + 366*o + 5313. What is i(-14)?
-7
Let m(g) = -g**3 - 9*g**2 - 55*g - 152. Give m(-6).
70
Let q(a) = 9*a**2 - 530*a + 457. Determine q(58).
-7
Let g(b) = 2*b**3 + 49*b**2 + 109*b - 51. Calculate g(-22).
-29
Let n(b) = 5*b**2 + 34*b - 76. Give n(8).
516
Let o(d) = 6*d - 205. Calculate o(-65).
-595
Let x(h) = h**3 - 17*h**2 + 21*h - 181. Determine x(16).
-101
Let h(o) = -1356*o + 5566. Determine h(4).
142
Let y(j) = -3*j**2 - 104*j - 756. Calculate y(-11).
25
Let j(z) = 9*z**2 + 42*z - 608. Give j(-11).
19
Let r(z) = z**3 + 15*z**2 + 59*z + 90. Calculate r(-10).
0
Let o(b) = 62*b**2 - 196*b + 7. What is o(3)?
-23
Let c(b) = 3*b**2 + 14*b + 107. What is c(-7)?
156
Let v(p) = -p**3 - 13*p**2 - 34*p - 43. What is v(-10)?
-3
Let p(k) = 732*k + 79806. Give p(-109).
18
Let b(y) = y**2 + 27*y - 47. Calculate b(-28).
-19
Let a(l) = -108*l - 5020. Determine a(-46).
-52
Let y(x) = 317*x - 2637. Determine y(9).
216
Let x(c) = 10*c**2 + 61*c - 5. Calculate x(-6).
-11
Let m(l) = -l**3 - l**2 + 20*l - 14. Determine m(3).
10
Let f(p) = 285*p + 17671. Give f(-62).
1
Let s(h) = h**3 + 29*h**2 + 66*h - 319. Calculate s(-26).
-7
Let o(h) = h**3 - 3*h**2 - 25*h - 34. What is o(-6)?
-208
Let j(f) = f**3 - 17*f**2 - 168*f + 6. Determine j(24).
6
Let f(i) = -1947*i + 9746. Determine f(5).
11
Let b(t) = -3*t**2 - 126*t + 517. What is b(4)?
-35
Let k(y) = -y**3 + 24*y**2 - 4*y + 73. What is k(24)?
-23
Let y(l) = -767*l - 870. Give y(-1).
-103
Let n(r) = r**3 + 2*r - 7. What is n(4)?
65
Let i(j) = 92*j - 3840. Calculate i(41).
-68
Let n(o) = -61*o - 1779. Give n(-31).
112
Let v(j) = -789*j + 7078. What is v(9)?
-23
Let m(f) = -3*f**3 + 241*f**2 - 325*f + 711. Determine m(79).
0
Let f(v) = 116*v - 1628. What is f(15)?
112
Let u(q) = q**2 + 12*q - 14. Calculate u(-16).
50
Let g(p) = p**2 + 91*p + 1627. Give g(-69).
109
Let z(c) = 580*c + 5265. Determine z(-9).
45
Let f(n) = -17*n + 463. Calculate f(21).
106
Let n(p) = p**2 - 272*p - 1386. Determine n(-5).
-1
Let x(b) = -b**3 - 4*b**2 - 71. Determine x(-6).
1
Let a(f) = -4*f**2 - 52*f - 10. Give a(-16).
-202
Let t(x) = x**3 + 24*x**2 + 62*x - 2. What is t(-3)?
1
Let k(h) = -h**2 - 105*h - 2364. What is k(-72)?
12
Let y(s) = 24*s + 138. Determine y(-12).
-150
Let v(y) = 5340*y - 32050. Calculate v(6).
-10
Let s(i) = 9*i**2 - 2*i + 3. Calculate s(5).
218
Let k(q) = 2*q**2 + 437*q + 18909. What is k(-159)?
-12
Let w(o) = o**3 - 7*o**2 - 11*o - 46. Give w(9).
17
Let w(o) = 16*o + 3412. Determine w(-213).
4
Let q(t) = -6*t**2 - 26*t - 49. Determine q(-5).
-69
Let d(j) = -6*j**2 + 70*j + 52. What is d(14)?
-144
Let f(v) = v**3 - 3*v**2 + 175*v - 984. Determine f(5).
-59
Let l(g) = -402*g + 11295. Determine l(28).
39
Let n(f) = f**3 + 56*f**2 + 249*f + 48. What is n(-51)?
354
Let o(n) = -11*n - 267. Give o(-25).
8
Let h(a) = a**2 + 21*a - 1. Give h(-21).
-1
Let f(k) = -k**2 + 357*k + 2921. What is f(-8)?
1
Let o(a) = -a**2 + 20*a - 166. Calculate o(8).
-70
Let o(c) = 25*c - 1106. Calculate o(43).
-31
Let q(t) = -19*t**2 + 3*t - 1. Determine q(-1).
-23
Let l(s) = 33*s**2 + 113*s + 46. Give l(-3).
4
Let i(p) = 15*p - 728. What is i(48)?
-8
Let h(f) = -8*f**2 - 11*f - 57. What is h(-10)?
-747
Let v(g) = 2*g**3 + 35*g**2 + 145*g + 15. Calculate v(-7).
29
Let v(l) = 2*l**3 - 55*l**2 + 119*l + 135. Determine v(25).
-15
Let r(y) = -48*y - 644. Calculate r(-12).
-68
Let l(m) = -41*m**2 + 310*m + 222. What is l(8)?
78
Let b(o) = -o**2 - 313*o - 24349. What is b(-169)?
-13
Let m(t) = -t**3 + 236*t**2 + 956*t - 13. Give m(-4).
3
Let h(n) = 2*n**3 - 137*n**2 + 63*n + 44. What is h(68)?
-296
Let q(j) = -4*j**2 - 35*j + 34. What is q(-11)?
-65
Let y(l) = -20*l + 177. Give y(-5).
277
Let k(j) = -j**2 - 2944*j - 72969. Calculate k(-25).
6
Let p(f) = -f**3 - 7*f**2 + 46*f - 80. Give p(8).
